ulate b(-7).
-38
Let q(f) = f**3 + 4*f**2 + f + 3. Calculate q(-2).
9
Let n(v) = -8*v**2 - 13*v - 12. What is n(-1)?
-7
Let w(l) = l**3 - 15*l**2 - l + 21. Calculate w(15).
6
Let b(v) = 11*v - 186. Determine b(17).
1
Let r(p) = p + 5. Give r(-13).
-8
Let q(o) = o**3 + 8*o**2 + 3*o + 9. Calculate q(-7).
37
Let d(g) = -34*g + 444. What is d(13)?
2
Let j(h) = -10*h - 132. Calculate j(-10).
-32
Let m(u) = u**3 + 12*u**2 + 11*u + 2. Determine m(-11).
2
Let u(h) = -16*h**2 - 3*h + 2. What is u(1)?
-17
Let h(l) = -l**3 + l**2 + l - 10. Give h(0).
-10
Let t(v) = -2*v**2 - 13*v - 25. Give t(-2).
-7
Let c(q) = q**3 + 13*q**2 - q. Determine c(-13).
13
Let j(z) = z**3 + 18. Calculate j(0).
18
Let r(i) = i**3 + 32*i**2 + 89*i - 1. What is r(-3)?
-7
Let p(c) = -c**3 + c**2 + 3*c + 5. Determine p(-2).
11
Let y(n) = 2*n**3 + 15*n**2 - 13*n - 49. What is y(-8)?
-9
Let l(q) = 2*q + 16. Determine l(8).
32
Let u(r) = -r**3 + 8*r**2 - 6*r - 2. Determine u(7).
5
Let k(s) = -s - 21. Calculate k(-15).
-6
Let u(y) = y**3 + 13*y**2 + 13*y + 10. Determine u(-12).
-2
Let r(i) = -73*i + 876. Calculate r(12).
0
Let m(g) = -3*g - 11. What is m(-16)?
37
Let y(l) = -l + 34. What is y(0)?
34
Let d(r) = -4*r - 79. Calculate d(-13).
-27
Let w(c) = 18*c**2 + 6*c - 7. Calculate w(2).
77
Let k(d) = -2*d + 31. Calculate k(12).
7
Let q(n) = 10*n**2 + 59*n - 15. Determine q(-6).
-9
Let k(q) = q**3 - 6*q**2 + 6*q - 8. Calculate k(6).
28
Let n(x) = 4*x**2 - 30*x - 13. Determine n(8).
3
Let w(c) = -51*c - 3. Calculate w(-1).
48
Let b(q) = -q**2 + 10*q - 20. Give b(4).
4
Let a(f) = 6*f - 12. Calculate a(0).
-12
Let t(m) = -3*m**2 + 9*m + 2. Calculate t(5).
-28
Let r(g) = 3*g**2 + 3*g - 2. Calculate r(2).
16
Let b(w) = w**3 + 10*w**2 - 11*w + 10. What is b(-11)?
10
Let p(r) = -r - 11. Determine p(-7).
-4
Let f(j) = j**3 - 15*j**2 - 28*j + 21. Give f(17).
123
Let u(g) = -g**2 + 5*g + 6. Calculate u(8).
-18
Let n(g) = g**2 - 5. Determine n(2).
-1
Let x(y) = -9*y - 23. Determine x(4).
-59
Let n(s) = -s**3 - 12*s**2 + 17*s + 29. What is n(-13)?
-23
Let j(v) = 18*v + 135. Determine j(-7).
9
Let w(s) = s**3 + 2*s**2 - 7*s. What is w(4)?
68
Let b(w) = -w**3 + 17*w**2 - w + 16. Calculate b(17).
-1
Let a(u) = -38*u - 2. Calculate a(-1).
36
Let r(f) = f**2 - 20*f + 102. Determine r(12).
6
Let l(v) = 4*v + 22. Give l(-3).
10
Let p(g) = -g**3 - 25*g**2 - 46*g - 19. What is p(-23)?
-19
Let t(i) = i**3 + 12*i**2 - 9*i - 9. Give t(-13).
-61
Let c(b) = -4*b - 17. Give c(0).
-17
Let l(n) = -n**2 + 2*n + 22. Give l(7).
-13
Let s(r) = r**3 - 13*r**2 - 15*r + 12. Calculate s(14).
-2
Let h(q) = -q**3 + q**2 + 8*q - 9. Give h(3).
-3
Let c(t) = -23*t + 60. Calculate c(2).
14
Let d(b) = 40*b + 6. Give d(-1).
-34
Let y(l) = 4*l + 4. Give y(1).
8
Let a(d) = -4*d**2 - 17*d - 10. What is a(-3)?
5
Let k(g) = g**2 + 11*g + 9. Give k(-7).
-19
Let p(t) = t + 9. Give p(-5).
4
Let w(v) = -5*v**3 + 2*v**2 - 2*v. Calculate w(2).
-36
Let n(t) = -t**2 + 11*t - 8. Give n(8).
16
Let a(s) = s**3 + 22*s**2 + 21*s - 7. Determine a(-21).
-7
Let h(w) = w**2 - 10*w + 6. What is h(4)?
-18
Let d(o) = -2*o**2 + 9*o - 14. What is d(4)?
-10
Let s(k) = 4*k - 13. What is s(7)?
15
Let d(c) = -3*c + 18. Determine d(8).
-6
Let j(b) = -b**3 + 13*b**2 - 13*b + 10. Give j(12).
-2
Let x(j) = -j**3 - 13*j**2 - 10*j - 13. Determine x(-12).
-37
Let l(p) = 11*p**3 - 4*p**2 - 3*p. Calculate l(-2).
-98
Let s(u) = -2*u**2 + 12*u + 46. Determine s(9).
-8
Let o(a) = -a**2 - a + 8. Determine o(3).
-4
Let a(o) = -o**3 + 7*o**2 - 36*o + 58. What is a(2)?
6
Let y(q) = -8*q**2 - 288*q - 6. Give y(-36).
-6
Let z(i) = 23*i - 100. What is z(4)?
-8
Let u(i) = i**2 + 32*i - 136. Give u(-35).
-31
Let u(a) = a**2 - 8*a + 2. Determine u(3).
-13
Let u(n) = -n**3 - 7*n**2 + 9*n. What is u(-8)?
-8
Let t(a) = 18*a + 578. Calculate t(-31).
20
Let s(w) = w**2 - 21*w + 33. What is s(21)?
33
Let z(w) = w**2 + 52*w + 279. What is z(-46)?
3
Let u(p) = -10*p - 76. What is u(-7)?
-6
Let q(d) = d + 6. Calculate q(-6).
0
Let u(j) = -43*j + 651. Give u(15).
6
Let a(n) = -2*n + 25. Determine a(16).
-7
Let d(u) = -17*u. Determine d(-2).
34
Let y(h) = -h**3 - 5*h**2 - h + 1. Determine y(-6).
43
Let p(m) = 2*m - 7. What is p(0)?
-7
Let k(o) = o**3 + o - 4. Give k(0).
-4
Let g(q) = q**2 - q - 10. Determine g(4).
2
Let m(d) = -d**2 + 6*d + 1. Determine m(4).
9
Let m(j) = -j**3 + 3*j**2 - j - 6. Give m(4).
-26
Let c(w) = -w**3 - 6*w**2 + 3*w + 4. What is c(-6)?
-14
Let u(r) = r**3 - 18*r**2 - 2*r - 17. What is u(18)?
-53
Let b(a) = -2*a**2 - 2*a + 1. Give b(-4).
-23
Let s(c) = c**3 - 2*c**2 - 2*c - 7. Give s(6).
125
Let x(p) = 6*p + 7. Give x(4).
31
Let w(g) = g**2 + 6*g - 271. Give w(14).
9
Let s(t) = t**2 - 9*t + 5. Determine s(8).
-3
Let o(w) = w**2 + 5*w + 12. What is o(-8)?
36
Let h(p) = -p - 4. Determine h(-11).
7
Let i(w) = w**3 + 5*w**2 + 2*w + 4. Determine i(-5).
-6
Let z(f) = f + 16. Determine z(-10).
6
Let l(y) = 11*y**2 + 560*y - 49. Give l(-51).
2
Let l(p) = -p - 16. Give l(-12).
-4
Let j(x) = x**3 - 9*x**2 - 38*x - 14. Calculate j(12).
-38
Let b(x) = -x**2 + 17*x - 22. Calculate b(15).
8
Let t(k) = -k**2 + 9*k - 10. Give t(7).
4
Let d(x) = -x**3 + 23*x - 15. Calculate d(6).
-93
Let l(z) = -10*z. What is l(1)?
-10
Let x(l) = -l**2 + 22*l + 1. Calculate x(22).
1
Let g(h) = h**3 + 5*h**2 + 13*h + 6. Give g(-6).
-108
Let n(f) = -54*f**2 + 3*f + 1. Determine n(2).
-209
Let p(s) = -6*s**2 - 7*s - 4. Calculate p(-2).
-14
Let i(r) = 49*r - 929. Determine i(19).
2
Let t(w) = 2*w**3 + 16*w**2 + 9*w + 14. Calculate t(-7).
49
Let c(s) = -s**2 + 23*s + 114. Determine c(-4).
6
Let v(s) = 27*s + 209. Calculate v(-8).
-7
Let a(r) = 2*r**3 - 9*r**2 + 8. Give a(4).
-8
Let f(j) = -j**2 - 3*j + 10. Give f(-8).
-30
Let o(n) = n**3 - 5*n**2 - 2*n - 7. Determine o(5).
-17
Let h(y) = -y**2 - y + 7. What is h(-3)?
1
Let f(b) = -b**2 - 9*b - 17. Determine f(-6).
1
Let g(j) = -j + 23. Determine g(0).
23
Let r(i) = i**3 - 13*i**2 + 15*i - 27. Give r(12).
9
Let t(s) = s**3 + 4*s**2 - s + 9. Determine t(-4).
13
Let x(r) = 4*r**3 - r**2 - r + 1. Give x(1).
3
Let d(b) = b**3 + 10*b**2 + 12*b + 22. Determine d(-9).
-5
Let z(s) = -34*s**3 + 2*s**2 + 3*s + 2. Give z(-1).
35
Let o(h) = -17*h - 248. Determine o(-15).
7
Let l(y) = -5*y**2 - 55*y - 6. What is l(-10)?
44
Let h(v) = v**2 - 3*v - 4. Give h(3).
-4
Let a(g) = -31*g - 358. What is a(-11)?
-17
Let w(b) = -28*b**3 - b - 2. What is w(1)?
-31
Let a(f) = -f**2 - 8*f + 22. What is a(-9)?
13
Let j(i) = i**2 + 3*i + 2. Give j(-3).
2
Let a(w) = 2*w + 7. What is a(6)?
19
Let r(v) = 5*v + 5. Give r(1).
10
Let b(n) = -n**2 - 13*n - 42. Calculate b(-9).
-6
Let g(n) = -15*n + 350. Give g(21).
35
Let j(a) = a**3 + 10*a**2 + 12*a + 57. Give j(-9).
30
Let g(r) = 5*r - 6. Determine g(5).
19
Let g(s) = -s**3 + 5*s**2 + 5*s + 1. Give g(6).
-5
Let s(b) = 3*b**3 - 6*b**2 + 2*b - 1. Determine s(2).
3
Let g(m) = m**3 + 5*m**2 + 4*m + 12. Calculate g(-4).
12
Let w(p) = -2*p**2 - 6*p - 1. What is w(-7)?
-57
Let z(v) = -v**2 + 12*v - 2. Give z(8).
30
Let s(q) = -q**3 - 5*q**2 - 4*q - 3. What is s(-4)?
-3
Let o(n) = -n**2 - 9*n + 4. What is o(-10)?
-6
Let g(l) = -l**2 - 17*l - 23. What is g(-15)?
7
Let p(n) = -31*n. Determine p(1).
-31
Let g(t) = -6*t**2 + 3*t - 1. Give g(1).
-4
Let u(c) = 26*c + 103. Calculate u(-4).
-1
Let c(m) = m**2 + m - 31. What is c(9)?
59
Let j(p) = -5*p**2 + 9*p - 2. Calculate j(2).
-4
Let x(n) = -2*n**3 + 2*n**2 - n - 1. What is x(-2)?
25
Let n(j) = -j**3 - 10*j**2 + 10*j + 6. Give n(-11).
17
Let u(t) = t**3 - 14*t**2 - 16*t + 9. What is u(15)?
-6
Let m(p) = -p**3 + 12*p**2 - 1. Calculate m(12).
-1
Let f(g) = -g**2 - 4. Give f(0).
-4
Let t(d) = d**3 + 33*d**2 - 35*d - 32. Determine t(-34).
2
Let k(u) = 6*u + 3. Determine k(4).
27
Let o(b) = -b**2 + 8*b + 19. Give o(9).
10
Let l(q) = 3*q**2 - 4*q - 2. What is l(4)?
30
Let s(g) = g**2 - 2. Calculate s(-4).
14
Let q(i) = 10*i - 42. What is q(12)?
78
Let w(z) = 3*z**2 + 10*z + 6. Calculate w(-5).
31
Let d(f) = 8*f**2 - 40*f + 16. Determine d(4).
-16
Let u(f) = f**3 + 11*f**2 - 25*f + 20. Give u(-13).
7
Let g(d) = d + 6. Calculate g(-3).
3
Let g(h) = 9*h + 31. What is g(-4)?
-5
Let d(s) = -8*s - 4. Calculate d(4).
-36
Let x(h) = -2*h**3 - 2*h**2 - 3*h. What is x(-2)?
14
Let g(u) = u + 24. Calculate g(-8).
